ors of 3095663.
29, 106747
List the prime factors of 11373989.
11, 19, 54421
What are the prime factors of 9915872?
2, 19, 47, 347
What are the prime factors of 462285?
3, 5, 10273
List the prime factors of 9194057.
2243, 4099
List the prime factors of 7967853.
3, 127, 6971
What are the prime factors of 136102?
2, 17, 4003
List the prime factors of 331033.
109, 3037
List the prime factors of 50316.
2, 3, 7, 599
What are the prime factors of 161949?
3, 37, 1459
What are the prime factors of 6977826?
2, 3, 19, 2267
What are the prime factors of 882683?
19, 46457
What are the prime factors of 1858911?
3, 107, 5791
List the prime factors of 990270.
2, 3, 5, 11003
List the prime factors of 11123762.
2, 13, 29, 14753
What are the prime factors of 1473668?
2, 7, 52631
List the prime factors of 1218166.
2, 19, 32057
What are the prime factors of 3407272?
2, 11, 31, 1249
List the prime factors of 77457.
3, 25819
List the prime factors of 4231002.
2, 3, 705167
What are the prime factors of 5329514?
2, 23, 115859
What are the prime factors of 3564649?
11, 541, 599
List the prime factors of 776664.
2, 3, 7, 23, 67
List the prime factors of 72999.
3, 8111
List the prime factors of 1797970.
2, 5, 19, 9463
What are the prime factors of 2250031?
7, 47, 977
List the prime factors of 59003.
7, 8429
What are the prime factors of 216741?
3, 7, 10321
What are the prime factors of 137837?
7, 29, 97
List the prime factors of 1878906.
2, 3, 313151
What are the prime factors of 332125?
5, 2657
What are the prime factors of 104078?
2, 13, 4003
List the prime factors of 3480725.
5, 29, 4801
List the prime factors of 1448895.
3, 5, 7, 13799
What are the prime factors of 1424711?
47, 30313
What are the prime factors of 89995?
5, 41, 439
List the prime factors of 6223753.
409, 15217
What are the prime factors of 9345609?
3, 7, 13, 11411
What are the prime factors of 417962?
2, 17, 19, 647
List the prime factors of 1737568.
2, 7, 7757
List the prime factors of 3983573.
11, 362143
What are the prime factors of 23349038?
2, 683, 17093
List the prime factors of 705001.
11, 64091
What are the prime factors of 200236?
2, 113, 443
List the prime factors of 823781.
7, 137, 859
List the prime factors of 496458.
2, 3, 27581
List the prime factors of 2582486.
2, 23, 31, 1811
List the prime factors of 295508.
2, 73877
What are the prime factors of 7528279?
11, 37, 53, 349
What are the prime factors of 1333819?
19, 70201
List the prime factors of 24220246.
2, 12110123
List the prime factors of 2863492.
2, 715873
What are the prime factors of 19011?
3, 6337
What are the prime factors of 200925?
3, 5, 19, 47
List the prime factors of 803373.
3, 267791
What are the prime factors of 6028539?
3, 11, 31, 71, 83
List the prime factors of 4722717.
3, 37, 157, 271
List the prime factors of 5681319.
3, 7, 270539
What are the prime factors of 111337?
111337
What are the prime factors of 262134?
2, 3, 14563
List the prime factors of 8360850.
2, 3, 5, 139, 401
List the prime factors of 4476169.
257, 17417
List the prime factors of 11423742.
2, 3, 11, 173087
List the prime factors of 182298.
2, 3, 23, 1321
List the prime factors of 1940650.
2, 5, 37, 1049
What are the prime factors of 11940045?
3, 5, 13, 61231
List the prime factors of 993808.
2, 179, 347
List the prime factors of 9107905.
5, 293, 6217
List the prime factors of 18607181.
347, 53623
What are the prime factors of 13754510?
2, 5, 7, 11, 17863
What are the prime factors of 27211645?
5, 17, 23, 31, 449
List the prime factors of 2138874.
2, 3, 356479
List the prime factors of 1738084.
2, 434521
List the prime factors of 14485435.
5, 2897087
What are the prime factors of 228477?
3, 76159
List the prime factors of 114817.
19, 6043
List the prime factors of 2621737.
2621737
List the prime factors of 11497158.
2, 3, 37, 61, 283
What are the prime factors of 17140608?
2, 3, 14879
What are the prime factors of 4237604?
2, 7, 151343
List the prime factors of 1268262.
2, 3, 70459
List the prime factors of 1701799.
11, 71, 2179
What are the prime factors of 2985428?
2, 673, 1109
What are the prime factors of 143898?
2, 3, 29, 827
What are the prime factors of 16031905?
5, 43, 74567
What are the prime factors of 5782?
2, 7, 59
What are the prime factors of 6389288?
2, 269, 2969
List the prime factors of 590195.
5, 41, 2879
What are the prime factors of 23376335?
5, 4675267
List the prime factors of 13708410.
2, 3, 5, 397, 1151
List the prime factors of 684810.
2, 3, 5, 7, 1087
What are the prime factors of 398758?
2, 199379
List the prime factors of 27280815.
3, 5, 1818721
List the prime factors of 895181.
7, 18269
List the prime factors of 2049891.
3, 19, 35963
List the prime factors of 97654.
2, 157, 311
List the prime factors of 93389.
47, 1987
What are the prime factors of 705407?
241, 2927
What are the prime factors of 1377612?
2, 3, 17, 2251
List the prime factors of 903879.
3, 11159
What are the prime factors of 37500932?
2, 7, 107, 12517
What are the prime factors of 695914?
2, 347957
List the prime factors of 2772144.
2, 3, 23, 31
List the prime factors of 9620747.
9620747
List the prime factors of 3199677.
3, 13, 6311
List the prime factors of 402475.
5, 17, 947
List the prime factors of 3499058.
2, 1749529
What are the prime factors of 1841099?
13, 141623
List the prime factors of 1751154.
2, 3, 19, 15361
What are the prime factors of 53044?
2, 89, 149
What are the prime factors of 81668?
2, 17, 1201
What are the prime factors of 601944?
2, 3, 7, 3583
List the prime factors of 894625.
5, 17, 421
List the prime factors of 1302733.
37, 137, 257
What are the prime factors of 249158?
2, 7, 13, 37
What are the prime factors of 1929367?
11, 43, 4079
What are the prime factors of 13203884?
2, 3300971
List the prime factors of 8194947.
3, 19, 109, 1319
What are the prime factors of 1322355?
3, 5, 199, 443
List the prime factors of 254912.
2, 7, 569
List the prime factors of 1346887.
853, 1579
List the prime factors of 954439.
41, 23279
What are the prime factors of 310865?
5, 79, 787
List the prime factors of 23755896.
2, 3, 109, 1009
List the prime factors of 7558784.
2, 59053
List the prime factors of 24064685.
5, 4812937
List the prime factors of 12851667.
3, 1427963
What are the prime factors of 1871423?
37, 1367
List the prime factors of 15328280.
2, 5, 11, 3167
What are the prime factors of 3398717?
7, 397, 1223
List the prime factors of 1375471.
109, 12619
List the prime factors of 10639598.
2, 5319799
List the prime factors of 725393.
725393
What are the prime factors of 5537788?
2, 41, 33767
List the prime factors of 7901964.
2, 3, 7, 31357
What are the prime factors of 3858902?
2, 1929451
List the prime factors of 12192994.
2, 11, 43, 12889
What are the prime factors of 11004051?
3, 23, 101, 1579
List the prime factors of 45588.
2, 3, 29, 131
What are the prime factors of 118718?
2, 59359
What are the prime factors of 741859?
741859
List the prime factors of 379429.
59, 109
What are the prime factors of 852810?
2, 3, 5, 7, 31, 131
List the prime factors of 1670712.
2, 3, 67, 1039
What are the prime factors of 1417378?
2, 708689
What are the prime factors of 8876285?
5, 11, 161387
What are the prime factors of 281271?
3, 29, 53, 61
What are the prime factors of 25295601?
3, 59, 241, 593
List the prime factors of 2620161.
3, 53, 1831
What are the prime factors of 190329?
3, 63443
What are the prime factors of 851525?
5, 34061
What are the prime factors of 352666?
2, 176333
What are the prime factors of 5240641?
7, 17, 47, 937
List the prime factors of 26607122.
2, 13303561
What are the prime factors of 14492902?
2, 173, 41887
List the prime factors of 29284182.
2, 3, 809, 2011
What are the prime factors of 1041488?
2, 7, 17, 547
List the prime factors of 234560.
2, 5, 733
What are the prime factors of 101809?
61, 1669
List the prime factors of 62396.
2, 19, 821
What are the prime factors of 523361?
337, 1553
List the prime factors of 24146.
2, 12073
What are the prime factors of 575370?
2, 3, 5, 2131
What are the prime factors of 41941?
41941
What are the prime factors of 456132?
2, 3, 38011
What are the prime factors of 6942578?
2, 1747, 1987
What are the prime factors of 14254?
2, 7127
What are the prime factors of 31775?
5, 31, 4